ppose 3*b - 43 - 23 = 0. Let o(l) = 3*l + 0*l**2 + 4*l**2 - 2 + 4. What is the remainder when b is divided by o(-2)?
10
Let i(t) = 20*t - 7. Let o be i(5). What is the remainder when 1/(-3*(-1)/o) is divided by 11?
9
Let p = -36 - -52. What is the remainder when 2/(-8) + (-1743)/(-28) is divided by p?
14
Let m(x) = -x - 1. Let f be m(-11). What is the remainder when 5/(-10)*f*-1 is divided by 2?
1
Let v(d) be the second derivative of -d**5/20 + d**4/4 + d**3/2 - 3*d**2/2 - 18*d. Suppose k - 3 = -0. Calculate the remainder when 9 is divided by v(k).
3
Suppose 3*v - 7 - 4 = 5*i, -6 = -2*i - 4*v. Let y be (8/(-4))/(i/15). Suppose -4*s = -6 - y. What is the remainder when 25 is divided by s?
7
Let b(w) = -w**3 + 6*w**2 + 9*w - 8. Suppose 6*z - 2*z - 44 = 0. Let y = 18 - z. What is the remainder when 15 is divided by b(y)?
3
Let y(a) = a - 1. Let h(c) = 6*c**2 - 5*c + 7. Let g(j) = h(j) + 5*y(j). Suppose 0 = p - 2. What is the remainder when g(p) is divided by 9?
8
Suppose 7 + 33 = 4*w. Calculate the remainder when 2/w - (-2508)/60 is divided by 11.
9
Let j(u) be the third derivative of -u**6/60 - u**5/12 - u**4/12 + u**3/6 + 3*u**2. What is the remainder when 30 is divided by j(-3)?
14
Let w = 124 + -88. Suppose 3*o - 4*u = 173, -w - 7 = -o + 5*u. Let h(g) = 16*g**3 + g**2 - 1. What is the remainder when o is divided by h(1)?
15
Suppose 0 = -0*f + 4*f - 12. Calculate the remainder when 6 is divided by f.
0
Suppose 45 = 2*t - 37. Calculate the remainder when 81 is divided by t.
40
Let y(d) = -d**2 + 4*d - 2. Let n be y(-10). Let x(p) = 3*p**2 - p - 2. Calculate the remainder when n/(-6) + (-6)/9 is divided by x(-2).
11
Let u = -9 - -30. Calculate the remainder when 60 is divided by u.
18
Suppose 14 = u - b, -2*u + 3*u + 5*b - 44 = 0. Suppose -7*z = -10*z + 108. Calculate the remainder when z is divided by u.
17
Let v = 12 - 8. Suppose v*p + 2 = 34. What is the remainder when 14 is divided by p?
6
Suppose -24*a = -27*a + 726. What is the remainder when a is divided by 61?
59
Let v = -5 + 25. What is the remainder when v is divided by -22*(1 + 2 + (-14)/4)?
9
Let q(d) = d**3 - 8*d**2 + d - 9. Let w be q(8). Let r be -1 + 4 + (1 - w). Suppose -r*o + 162 = -2*o. Calculate the remainder when o is divided by 14.
12
Suppose -2*y + 4*g + 110 = g, -g = 5*y - 292. What is the remainder when y is divided by 16?
10
Let b be (82/3)/(3/18). Suppose -5*k = -4*n + b, -5*k = -3*n + 2 + 116. What is the remainder when n is divided by 16?
14
Suppose p - 7 = -0*p. Let u = -7 - -10. What is the remainder when p is divided by u?
1
Let q = -246 - -502. Suppose q - 40 = 4*c. What is the remainder when c is divided by 14?
12
Let r = 125 - 106. What is the remainder when 22 is divided by r?
3
Suppose 3*s - 12 - 12 = 0. Let b = -1 + 1. Let q = 15 + b. What is the remainder when q is divided by s?
7
Suppose 63 + 202 = 5*k. Let f = -15 + 33. What is the remainder when k is divided by f?
17
Suppose -4*u = u - 3*o - 13, -o = -3*u + 7. Suppose 2*b = -u*b + 52. What is the remainder when 37 is divided by b?
11
What is the remainder when (-6)/3*-65*2/4 is divided by 17?
14
Let a(z) = -2*z - 5. Let w be a(-5). Suppose 303 = w*q + 58. What is the remainder when q is divided by 17?
15
Suppose -7*p + 24 = -3*p. Let y(g) be the third derivative of -g**5/60 + 7*g**4/24 - 5*g**3/6 - 3*g**2. Calculate the remainder when 3 is divided by y(p).
0
Suppose 4*w - 16 = 76. Calculate the remainder when w is divided by 5.
3
Let k = 25 + -18. Suppose -4*x - 2*w = -k*x + 58, -5*x + 5*w = -90. Calculate the remainder when (-1 + 2)*(x - 7) is divided by 6.
3
Let m = -52 - -76. Calculate the remainder when m is divided by 9.
6
Let n(x) = 5*x**2 + 4*x - 5. Calculate the remainder when n(2) is divided by (8/(-6))/(3/(-27)).
11
Let k = -60 + 78. What is the remainder when k is divided by 2?
0
Let l(u) = 9*u - 2*u + 5*u + 6 - u**2. Calculate the remainder when 14 is divided by l(12).
2
Suppose u - 28 = -3*z, 4*u + 28 = 5*z + u. Suppose -4*c = 8, -5*p = -c - 0*c - 7. Suppose 0 = 4*m - p - 11. What is the remainder when z is divided by m?
2
Suppose 149 + 46 = w. Let p = 274 - w. What is the remainder when p is divided by 20?
19
Let i be (-4)/14 + 340/14. Let l = i - 16. Calculate the remainder when 23 is divided by l.
7
Suppose u - 20 = -u. Suppose -4*s = v - 70, -4*s + 86 = s + 2*v. What is the remainder when s is divided by u?
8
Let f be -2 - 12/(-2 + -2). Suppose 2*q + f - 7 = 0. What is the remainder when 11 is divided by q?
2
Let b(x) = x**3 + 7*x**2 - 5*x - 2. Calculate the remainder when b(-4) is divided by 14.
10
What is the remainder when 20 is divided by (-27)/(-63) - 74/(-7)?
9
Let w = -3 + 5. Let r(x) = x. What is the remainder when 4 is divided by r(w)?
0
Let m = 11 - 7. Suppose -5*x + m*x - 9 = 0. Let s = 6 - x. Calculate the remainder when s is divided by 8.
7
Calculate the remainder when (9 - 7)*(-11)/(-2) is divided by 2*(1 - (-2 + 0)).
5
Let q(d) = d - 2. What is the remainder when q(17) is divided by 6?
3
Let s be (2/3)/(2/3). Suppose 11 = i + s. What is the remainder when 0 - (-26 + -2 + -1) is divided by i?
9
Suppose -6*s + 16 = -2*s. Let y = -68 + 70. What is the remainder when s is divided by y?
0
What is the remainder when (-3 - 4) + 3 + 47 is divided by 11?
10
Let r(g) = -g**3 + 3*g**2 + 3*g - 2. Let z be (3/9)/(2/18). Suppose h - 17 = -5*c, h = -3*c - z*h. Calculate the remainder when r(3) is divided by c.
3
Suppose -4*s - 4 = -5*s. What is the remainder when 17 is divided by s?
1
Let p(n) = -n + 1. Let z be p(6). Let u be (z - -1)/(-4 + 2). Let o = u + 1. What is the remainder when 4 is divided by o?
1
Let g(c) = -c - 1. Let a be g(3). Let h be (a - 0)/(4/6). Calculate the remainder when 44 is divided by 4/h - (-47)/3.
14
Let h = -25 + 52. Let l(x) = x**2 + 5*x - 10. What is the remainder when h is divided by l(-8)?
13
Let j(u) = u**2 - 32. Let g be j(0). Let d = -23 - g. What is the remainder when 26 is divided by d?
8
Suppose 92 = 2*p + 284. What is the remainder when p*(2 - 8/3) is divided by 22?
20
Let a(i) = -i**2 + 8*i - 7. Let c(b) = -b + 18. Calculate the remainder when a(5) is divided by c(15).
2
Let s = 4 - 2. Suppose 3*a - 2 = s*a. Calculate the remainder when -2*(5/(-2) + 1) is divided by a.
1
What is the remainder when 119 is divided by 66 + -2 + 21/(-7)?
58
Suppose 18 = 5*z - 7. Calculate the remainder when 14 is divided by z.
4
Suppose 174 = 3*n - 0*n + 2*r, 4*r = 5*n - 312. What is the remainder when n is divided by 16?
12
Let d(n) = -n**2 + 15*n - 13. Suppose -2*s - 48 = -4*y, -2*s - 9 = -1. What is the remainder when d(y) is divided by 10?
7
Let a = -9 - 1. Let m(p) = 0*p - 2*p - 2 - p + 3. What is the remainder when m(a) is divided by 11?
9
Let x(m) = -m + 4. Let y be x(-4). Let n be (y + 3/3)/1. What is the remainder when 3 is divided by (3/n)/(1/3)?
0
Let b = -21 + 22. What is the remainder when 6 is divided by b?
0
Suppose -2*u + 16 = 2*u. What is the remainder when 4 is divided by u?
0
Suppose 3*p - 60 = -p. Suppose -69 + p = -2*v. Calculate the remainder when v is divided by 7.
6
Suppose 0*d + 2*d = 4. Suppose -d*s = -6*s + 20. Suppose 0 = a + 1, -4 = -2*v + 2*a + 2. What is the remainder when s is divided by v?
1
Suppose 3*p - 172 = -31. What is the remainder when p is divided by 17?
13
Let g(a) = a + 21. Calculate the remainder when 102 is divided by g(0).
18
Suppose 2*v - 3*v + 11 = 0. Let f be (-3)/12 - (-9)/4. Suppose 3*g = f*r - 71, -5*r + 0*g = -4*g - 167. What is the remainder when r is divided by v?
9
Suppose -75 - 7 = -2*n + 2*t, 4*t = -8. What is the remainder when 94 is divided by n?
16
Let r(w) = -36*w - 5. What is the remainder when r(-4) is divided by 48?
43
Let g = -167 + 178. Let h(t) = t**3 - t**2 + t + 19. What is the remainder when h(0) is divided by g?
8
Suppose -4*k - k + 85 = 0. Let v = -1 + 16. Suppose 21 = 4*o - v. Calculate the remainder when k is divided by o.
8
Let z be 3/18*3*0. Suppose -r - 3*x = -39, -2*r - 3*x + 111 - 42 = z. What is the remainder when r is divided by 8?
6
Let c = 117 + -103. What is the remainder when c is divided by 7?
0
Suppose -3*s = -2*x - 54, x = s - 4*s + 45. Let a = -6 + s. Calculate the remainder when a is divided by 4.
2
Suppose -3*t + 6 + 0 = 0. Let f(k) = -k**2 - 2 - k + k - k + 2*k**3. Calcula